uppose 0 = 29*g - 6*g - 69. Suppose 0*j + g*b = j - 292, 0 = j + 3*b - 274. What are the prime factors of j?
283
Suppose -r + 2*z + 701 = 0, -5*r - 3*z = -4*r - 671. List the prime factors of r.
13, 53
Suppose 3*p + 98 = -2*s, -23 = 3*s - 38. What are the prime factors of 62898/54 - 8/p?
5, 233
Let q be 6/(-12) - 4/(-8). Suppose 5*r - 589 = -0*c + c, q = -r - 4*c + 101. List the prime factors of r.
3, 13
Let r(w) = 2421*w - 549. List the prime factors of r(3).
2, 3, 373
List the prime factors of 272/(-40)*(-7 - (3556/8 + -4)).
17, 179
Suppose -9*f + 5 + 13 = 0. Suppose -3*i + 2 = 5*o, f*o = o + i - 6. What are the prime factors of (-1)/o*(-6 + 318 + 0)?
2, 3, 13
Let r(b) be the first derivative of -3*b**4 + 5*b**3/3 - 5*b**2 - 42*b + 216. List the prime factors of r(-5).
23, 71
Suppose -7*v = -10*v + 15. Suppose -v*r = 4*y - 0*y - 15, -3*y + 18 = -3*r. What are the prime factors of 0/(2 - r) + 5?
5
Suppose -2*w = -5*x + 2563, -19*x - 499 = -20*x - 3*w. Let v = x - -78. What are the prime factors of v?
19, 31
Suppose -415 = 5*d + 5*s, -5*d = s - 6*s + 365. Let w = 85 + d. What are the prime factors of 186/30 - w - 858/(-10)?
5, 17
Suppose -4*s + 212 - 13 = -o, -4*s + 202 = 2*o. What are the prime factors of (2174/8)/(s/200)?
1087
What are the prime factors of (-2 - 2)/((-28)/43400)?
2, 5, 31
Suppose 1 = -18*w + 19*w. Suppose w = -u + 1. Suppose 5*y = -u*y + 415. List the prime factors of y.
83
Let s be 2*6150/20*2/(-6). Let a = s + 236. What are the prime factors of a?
31
Let p be (0 - (-5 - -3)) + -2. Suppose p*m + 5*x + 1910 = 5*m, -2*m + 766 = -4*x. What are the prime factors of m?
3, 127
Suppose -4*y + 41*z + 164542 = 46*z, -3*z = -4*y + 164558. What are the prime factors of y?
2, 67, 307
Suppose -4*g = 5*z - 1478, -3*z + 225 = g - 659. Suppose 2130 = 4*o - 2*t, 255 + z = o + 5*t. List the prime factors of o.
2, 3, 89
Suppose -4*j + 24*j - 940 = 0. Let l = j + -23. What are the prime factors of (-80)/l*(-102)/4?
5, 17
Suppose -38 = -2*u + 4*u. Let g(y) = 4*y**3 - 2*y - 2. Let k(n) = -17*n**3 - 18*n**2 + 21*n - 30. Let b(f) = 4*g(f) + k(f). List the prime factors of b(u).
2, 19
Let s(n) be the second derivative of -n**3/6 - 6*n**2 - n. Let d be s(-12). Suppose -10*l + 11*l - 163 = d. What are the prime factors of l?
163
Suppose -3*u - 166038 = -3*r, -2*r + 1047*u - 1050*u = -110727. What are the prime factors of r?
3, 18451
Suppose 2*p = 6720 - 790. Suppose 4*i + p = 5*z, -572 = 12*z - 13*z + 5*i. What are the prime factors of z?
3, 199
Suppose -4*s = -2*s - 19456. Suppose -20*x = -x - s. What are the prime factors of x?
2
Let d = 102 - 43. Let b = d - -33. Suppose -2*s = -4*l - b, -17 = -5*s + 3*l + 227. List the prime factors of s.
2, 5
Let y = -9 + 53. Let v(i) = 14*i**2 + 70 - i**3 + 17*i + 18*i - y. What are the prime factors of v(16)?
2, 37
Let j(x) = 39*x**2 + 482*x + 17. What are the prime factors of j(-26)?
11, 1259
What are the prime factors of 8/2 - ((-221)/13 + -11882)?
11903
Let z = -7576 + 14321. List the prime factors of z.
5, 19, 71
Let a(x) = -13*x + 0*x**2 - 9 - 25*x - 2*x**2 + 45*x. Let i be a(5). Let f = i + 45. List the prime factors of f.
3, 7
Let d(y) = 119*y. Let w(b) = -238*b + 2. Let s(r) = -10*d(r) - 6*w(r). List the prime factors of s(2).
2, 29
Let h(j) = -j**2 - 27*j - 38. Let w be 3 + -20 + -3 + 4. What are the prime factors of h(w)?
2, 3, 23
Suppose -s - 3 = g, g = 2*g + 3. Suppose -4*c + c = s. Let t(u) = -u**3 - 2*u + 73. What are the prime factors of t(c)?
73
Suppose -2 = 8*r - 7*r + h, 0 = -2*h + 8. List the prime factors of (-30)/r*(142 - 1).
3, 5, 47
Let t(d) = d**3 - 23*d**2 + 30*d - 5. Let a(n) = -n**2 - 17*n - 30. Let w be a(-13). List the prime factors of t(w).
3, 19
Let z(k) = -k**2 - 5*k + 7. Let w be z(-6). Let q = 1108 + -1045. List the prime factors of q/15 + w/(-5).
2
Suppose -3*f + j = 277, -3*f - j = 3*j + 287. Let n = 516 + f. List the prime factors of n.
3, 47
Let c = 5896 + 423. What are the prime factors of c?
71, 89
Suppose -3*k + m + 39882 = 0, 5*k = 69*m - 66*m + 66478. List the prime factors of k.
2, 3323
List the prime factors of (-14)/(-3)*(-10)/5*(-2035224)/368.
2, 3, 7, 1229
Let o(p) be the first derivative of 5*p**3/3 + 12*p**2 - 19*p + 133. List the prime factors of o(10).
7, 103
Let n be (-2)/6 + (-16)/(-3). Let g(s) = -2*s**2 - 18*s - 34. Let o be g(-4). Suppose o*z - 53 = n*z. What are the prime factors of z?
53
Suppose 3*f - 49584 = -3*z, -341*f + 2*z + 16525 = -340*f. List the prime factors of f.
3, 7, 787
Let j be ((-56)/(-12))/(9/(54/4)). Suppose -4759 - 3641 = -j*g. Suppose 4*x = -2*i + 6*i + 928, g = 5*x + 5*i. What are the prime factors of x?
2, 59
Suppose -q + 205 = -4*z, -659 = -3*q - 22*z + 23*z. Suppose 7*i = 4*i + l, -5*i + 10 = -5*l. What are the prime factors of q/(1 - 0) + 3/i?
2, 109
Let d(c) = 119*c**2 - 99*c - 699. What are the prime factors of d(-7)?
5, 233
Let x = -16164 + 22814. What are the prime factors of x?
2, 5, 7, 19
Suppose 3*l - 45 = -5*c + 25, -2*l = 2*c - 52. Let x = -3 + l. Suppose k + w = x, 4*k - 114 = -0*k + 2*w. What are the prime factors of k?
2, 7
Let c be (-21)/((3 - 0) + -4). List the prime factors of (-5 - c)/(2 - (-600)/(-295)).
13, 59
Suppose 175 = -i + 6*i - 5*n, -i + 38 = 2*n. Let t = 38 - i. Suppose -414 = -3*v + 2*a + t*a, 5*v + 2*a = 664. List the prime factors of v.
2, 67
Suppose 0*x = -119*x - 20*x + 102999. What are the prime factors of x?
3, 13, 19
Let v(x) = 3*x**3 + 4*x**2 - 4*x + 3. Let o = 141 - 145. Let u(k) = 3*k**3 + 4*k**2 - 3*k + 2. Let q(g) = o*u(g) + 3*v(g). What are the prime factors of q(-4)?
3, 43
Let s = 20110 - 11866. List the prime factors of s.
2, 3, 229
Suppose b = -5*s - 0*b + 3, -2*s = -5*b + 15. Suppose 3*v + 5*a + 20 = 0, s - 4 = -4*v + a. What are the prime factors of (-5 - -4) + (66 - v)/2?
2
What are the prime factors of 3 + 52/65*5*11*167?
7351
Suppose -7*i = 2*a - 7*a + 34236, 0 = -3*a - 2*i + 20585. What are the prime factors of a?
6857
Let r(n) = -34*n**3 - 31*n**2 - 226*n + 8. List the prime factors of r(-6).
2, 13, 73
Let y(o) = -1038*o - 7593. List the prime factors of y(-18).
3, 3697
What are the prime factors of (-1)/(-4) - 3/(-4) - -8077 - -4?
2, 3, 449
Let q = 115 + -113. Suppose -5*n + 882 = 5*x + 167, 0 = -q*x + n + 283. List the prime factors of x.
2, 71
Suppose 3*d - 2*x = 15, 6*x - 4*x = 2*d - 10. Let l be (-2)/(3/(-3 - 0)). Suppose l = -3*r + d*r, 3*r - 234 = -3*p. List the prime factors of p.
7, 11
Let x be 6/(-9) - 187/(-51). Suppose -x*r = -d + 562, -d - 5*r = 4*d - 2870. List the prime factors of d.
571
Suppose 6*d - 8*d + 24 = -3*n, -2*d - 6 = 2*n. What are the prime factors of 1 - (-1671)/9 - n/18?
11, 17
Let k be 22/(-8)*-1 + (-10)/(-40). Let b = 4 - 8. What are the prime factors of 81/k + (b - -5)*4?
31
Let u(q) = 34*q - 99. Let i be u(4). Suppose 58*c - 6678 = i*c. What are the prime factors of c?
2, 3, 53
Suppose 0 = r + 4*d + 24, -3*r - 6 - 15 = -5*d. What are the prime factors of -218*(10 + -7)*10/r?
5, 109
Suppose -2*j + 6*x + 80950 = 14*x, 3*j - 5*x - 121289 = 0. What are the prime factors of j?
3, 13, 17, 61
Let n(r) = -r**3 + 22*r**2 + 2. Let a be n(22). Suppose -a*f = 2*d - 4*d + 486, -3*d - f + 729 = 0. List the prime factors of d.
3
Let d(r) be the second derivative of r**4/6 - r**3/3 - 25*r. Let v be d(2). Suppose -2*p = 2*u - 4*u - 208, -p + v*u + 119 = 0. What are the prime factors of p?
3, 11
Suppose -2*m + 14 = 2. Suppose -970 = m*o - o. Let g = o + 346. What are the prime factors of g?
2, 19
Let u be (-4*(-9)/(-108))/((-2)/6). What are the prime factors of u/((-1)/(-4) - (-1230)/(-5080))?
127
Suppose 44*t + 143923 - 442815 = -0*t. What are the prime factors of t?
6793
Suppose 0 = -4*p + l + 81428, 1296*p + 101785 = 1301*p + l. List the prime factors of p.
20357
Let s = -60 + 55. What are the prime factors of 4 + (-7 - s) + 97 + 0?
3, 11
Let h(c) be the first derivative of c**3/3 + 6*c**2 - 49*c - 74. List the prime factors of h(14).
3, 5, 7
What are the prime factors of (795996/(-54))/(15/9 + -2)?
2, 22111
Suppose -373*i = 2791648 - 16176753. List the prime factors of i.
5, 7177
Let k(g) = 94*g + 4. Suppose 0 = 3*d - 5*d + 20. Let j be d/8 + 10/(-40). List the prime factors of k(j).
2, 7
Suppose -71*v = -595001 - 134169. List the prime factors of v.
2, 5